lculate the remainder when 771 is divided by 246.
33
Calculate the remainder when 220 is divided by 71.
7
What is the remainder when 53 is divided by 32?
21
What is the remainder when 524 is divided by 211?
102
What is the remainder when 438 is divided by 44?
42
Calculate the remainder when 531 is divided by 66.
3
What is the remainder when 206 is divided by 37?
21
Calculate the remainder when 71 is divided by 9.
8
Calculate the remainder when 1257 is divided by 255.
237
Calculate the remainder when 17 is divided by 13.
4
Calculate the remainder when 680 is divided by 26.
4
Calculate the remainder when 642 is divided by 642.
0
What is the remainder when 629 is divided by 310?
9
Calculate the remainder when 12669 is divided by 181.
180
What is the remainder when 11169 is divided by 49?
46
What is the remainder when 266 is divided by 95?
76
Calculate the remainder when 447 is divided by 75.
72
What is the remainder when 166 is divided by 58?
50
What is the remainder when 194 is divided by 15?
14
What is the remainder when 575 is divided by 16?
15
Calculate the remainder when 643 is divided by 47.
32
What is the remainder when 8020 is divided by 71?
68
Calculate the remainder when 94 is divided by 24.
22
What is the remainder when 730 is divided by 236?
22
Calculate the remainder when 192 is divided by 99.
93
Calculate the remainder when 8006 is divided by 286.
284
Calculate the remainder when 288 is divided by 2.
0
What is the remainder when 1498 is divided by 51?
19
What is the remainder when 130 is divided by 15?
10
Calculate the remainder when 390 is divided by 49.
47
What is the remainder when 1033 is divided by 22?
21
What is the remainder when 116 is divided by 16?
4
What is the remainder when 106 is divided by 18?
16
What is the remainder when 876 is divided by 113?
85
What is the remainder when 48 is divided by 12?
0
What is the remainder when 806 is divided by 168?
134
Calculate the remainder when 394 is divided by 69.
49
Calculate the remainder when 610 is divided by 312.
298
What is the remainder when 17797 is divided by 89?
86
What is the remainder when 2725 is divided by 31?
28
Calculate the remainder when 1329 is divided by 50.
29
Calculate the remainder when 152 is divided by 31.
28
What is the remainder when 15 is divided by 9?
6
Calculate the remainder when 509 is divided by 143.
80
What is the remainder when 1615 is divided by 33?
31
Calculate the remainder when 1497 is divided by 11.
1
Calculate the remainder when 8635 is divided by 14.
11
Calculate the remainder when 2319 is divided by 45.
24
Calculate the remainder when 185 is divided by 31.
30
Calculate the remainder when 573 is divided by 32.
29
Calculate the remainder when 463 is divided by 39.
34
What is the remainder when 297 is divided by 126?
45
What is the remainder when 8423 is divided by 162?
161
What is the remainder when 336 is divided by 93?
57
What is the remainder when 48 is divided by 4?
0
Calculate the remainder when 1185 is divided by 403.
379
Calculate the remainder when 723 is divided by 25.
23
What is the remainder when 645 is divided by 40?
5
What is the remainder when 65 is divided by 59?
6
What is the remainder when 175 is divided by 30?
25
What is the remainder when 311 is divided by 15?
11
What is the remainder when 3125 is divided by 46?
43
What is the remainder when 51 is divided by 12?
3
Calculate the remainder when 310 is divided by 35.
30
Calculate the remainder when 107 is divided by 9.
8
Calculate the remainder when 33 is divided by 6.
3
What is the remainder when 80 is divided by 2?
0
What is the remainder when 200 is divided by 8?
0
What is the remainder when 130 is divided by 51?
28
What is the remainder when 84 is divided by 15?
9
Calculate the remainder when 2757 is divided by 10.
7
Calculate the remainder when 95 is divided by 15.
5
Calculate the remainder when 22827 is divided by 7608.
3
Calculate the remainder when 301 is divided by 9.
4
What is the remainder when 60 is divided by 15?
0
Calculate the remainder when 1557 is divided by 39.
36
Calculate the remainder when 2057 is divided by 151.
94
Calculate the remainder when 788 is divided by 74.
48
Calculate the remainder when 48 is divided by 18.
12
Calculate the remainder when 232 is divided by 227.
5
What is the remainder when 13787 is divided by 69?
56
Calculate the remainder when 318 is divided by 37.
22
Calculate the remainder when 2809 is divided by 699.
13
Calculate the remainder when 1028 is divided by 146.
6
What is the remainder when 899 is divided by 16?
3
Calculate the remainder when 186 is divided by 17.
16
What is the remainder when 298 is divided by 23?
22
What is the remainder when 1383 is divided by 14?
11
Calculate the remainder when 6341 is divided by 264.
5
What is the remainder when 15533 is divided by 8?
5
What is the remainder when 322 is divided by 108?
106
Calculate the remainder when 193 is divided by 180.
13
Calculate the remainder when 4850 is divided by 77.
76
What is the remainder when 10945 is divided by 14?
11
What is the remainder when 50 is divided by 6?
2
Calculate the remainder when 89 is divided by 60.
29
What is the remainder when 5213 is divided by 158?
157
What is the remainder when 102 is divided by 37?
28
What is the remainder when 142 is divided by 21?
16
What is the remainder when 19959 is divided by 20?
19
What is the remainder when 49 is divided by 26?
23
What is the remainder when 383 is divided by 85?
43
Calculate the remainder when 65 is divided by 53.
12
What is the remainder when 596 is divided by 199?
198
What is the remainder when 459 is divided by 20?
19
Calculate the remainder when 269 is divided by 241.
28
What is the remainder when 430 is divided by 36?
34
What is the remainder when 717 is divided by 9?
6
Calculate the remainder when 329 is divided by 83.
80
What is the remainder when 178 is divided by 46?
40
Calculate the remainder when 573 is divided by 48.
45
What is the remainder when 120 is divided by 26?
16
Calculate the remainder when 498 is divided by 14.
8
What is the remainder when 16498 is divided by 223?
219
Calculate the remainder when 957 is divided by 187.
22
Calculate the remainder when 149 is divided by 17.
13
Calculate the remainder when 44 is divided by 38.
6
Calculate the remainder when 90 is divided by 50.
40
What is the remainder when 83 is divided by 17?
15
What is the remainder when 172 is divided by 28?
4
Calculate the remainder when 273 is divided by 81.
30
Calculate the remainder when 1739 is divided by 116.
115
Calculate the remainder when 1765 is divided by 104.
101
What is the remainder when 1978 is divided by 259?
165
Calculate the remainder when 4036 is divided by 72.
4
Calculate the remainder when 2846 is divided by 16.
14
Calculate the remainder when 213 is divided by 40.
13
Calculate the remainder when 364 is divided by 183.
181
What is the remainder when 268 is divided by 95?
78
Calculate the remainder when 544 is divided by 42.
40
What is the remainder when 1964 is divided by 180?
164
Calculate the remainder when 178 is divided by 60.
58
What is the remainder when 3620 is divided by 93?
86
Calculate the remainder when 9607 is divided by 31.
28
What is the remainder when 49 is divided by 26?
23
What is the remainder when 452 is divided by 111?
8
Calculate the remainder when 827 is divided by 32.
27
What is the remainder when 482 is divided by 32?
2
What is the remainder when 1243 is divided by 43?
39
What is the remainder when 1902 is divided by 16?
14
What is the remainder when 22 is divided by 8?
6
What is the remainder when 120 is divided by 6?
0
Calculate the remainder when 122 is divided by 44.
34
What is the remainder when 434 is divided by 147?
140
Calculate the remainder when 92 is divided by 72.
20
Calculate the remainder when 189 is divided by 56.
21
What is the remainder when 447 is divided by 37?
3
Calculate the remainder when 273 is divided by 70.
63
Calculate the remainder when 3019 is divided by 753.
7
What is the remainder when 619 is divided by 51?
7
What is the remainder when 494 is divided by 421?
73
Calculate the remainder when 371 is divided by 120.
11
What is the remainder when 325 is divided by 104?
13
Calculate the remainder when 215 is divided by 59.
38
Calculate